48071.
33
What is the highest common divisor of 1987956 and 1864?
932
Calculate the greatest common factor of 266608 and 5168.
304
What is the highest common factor of 1079807 and 4569?
1523
What is the highest common divisor of 56 and 247224?
8
What is the greatest common divisor of 4161 and 3021?
57
What is the greatest common divisor of 144 and 38672?
16
Calculate the highest common divisor of 1379795 and 1630.
815
What is the greatest common divisor of 40 and 24512?
8
Calculate the highest common factor of 272195 and 35.
35
What is the greatest common divisor of 289470 and 120?
30
Calculate the highest common factor of 659292 and 8.
4
Calculate the highest common factor of 929418 and 42.
42
Calculate the highest common factor of 30 and 421530.
30
What is the greatest common divisor of 112152 and 24?
24
What is the greatest common factor of 125 and 3825?
25
Calculate the greatest common divisor of 5135 and 455.
65
What is the greatest common factor of 244335 and 21840?
1365
Calculate the highest common divisor of 904 and 24560.
8
What is the highest common divisor of 74535 and 15?
15
What is the greatest common factor of 2429 and 48233?
347
What is the greatest common divisor of 547 and 2183077?
547
Calculate the greatest common divisor of 485 and 10120.
5
Calculate the greatest common divisor of 3629 and 110971.
191
Calculate the highest common factor of 15689 and 29.
29
Calculate the greatest common divisor of 508 and 1439291.
127
What is the highest common factor of 3286 and 9434?
106
Calculate the greatest common factor of 270 and 10020.
30
Calculate the greatest common divisor of 656 and 38.
2
What is the highest common divisor of 2193 and 204?
51
Calculate the highest common divisor of 818833 and 599.
599
Calculate the highest common factor of 291 and 11.
1
What is the greatest common factor of 62390 and 85?
85
Calculate the highest common factor of 826775 and 25.
25
What is the greatest common divisor of 8 and 17105?
1
Calculate the highest common factor of 688 and 151532.
172
What is the greatest common divisor of 945077 and 553?
553
Calculate the highest common divisor of 2142 and 137564.
238
Calculate the highest common divisor of 7761 and 20631.
39
Calculate the highest common factor of 83694 and 522.
174
Calculate the highest common divisor of 59770 and 25.
5
What is the highest common factor of 3061750 and 250?
250
What is the highest common divisor of 1 and 41903?
1
Calculate the highest common factor of 367740 and 396.
36
Calculate the greatest common factor of 42 and 24801.
21
Calculate the greatest common factor of 63161 and 7.
7
What is the greatest common divisor of 2183 and 2146?
37
What is the greatest common divisor of 66 and 291423?
33
Calculate the highest common divisor of 907173 and 162.
27
What is the greatest common divisor of 16 and 2764?
4
What is the greatest common factor of 56539 and 451?
41
Calculate the highest common divisor of 12421 and 1.
1
What is the greatest common factor of 356582 and 2882?
262
What is the greatest common factor of 3800 and 568?
8
Calculate the highest common divisor of 2125 and 113033.
17
Calculate the greatest common factor of 1166 and 530.
106
What is the highest common divisor of 474 and 84214?
158
Calculate the highest common factor of 2258 and 1550117.
1129
What is the greatest common divisor of 100 and 62950?
50
What is the highest common factor of 622830 and 585?
195
What is the highest common factor of 7872 and 14145?
123
Calculate the greatest common factor of 76 and 3295626.
38
Calculate the highest common factor of 646 and 84322.
38
What is the greatest common factor of 1003 and 102867?
17
Calculate the highest common factor of 90 and 113238.
18
What is the greatest common divisor of 28 and 1048334?
14
What is the highest common divisor of 28 and 7240?
4
Calculate the highest common factor of 1101779 and 4494.
749
What is the highest common factor of 107463 and 1356?
339
What is the highest common factor of 1170 and 4530?
30
Calculate the highest common divisor of 92694 and 42.
42
What is the highest common factor of 592 and 376?
8
Calculate the highest common factor of 4965 and 148619.
331
Calculate the highest common factor of 112 and 1337.
7
Calculate the greatest common divisor of 398 and 22885.
199
What is the greatest common divisor of 220 and 29975?
55
What is the greatest common divisor of 560 and 410320?
80
Calculate the greatest common divisor of 132 and 4614.
6
Calculate the highest common factor of 117 and 34021.
13
Calculate the highest common factor of 17888 and 54352.
688
Calculate the highest common divisor of 4606600 and 620.
620
What is the highest common factor of 37324 and 5026?
14
Calculate the highest common factor of 24 and 8396.
4
Calculate the greatest common divisor of 2915711 and 259.
37
What is the greatest common factor of 175 and 197675?
25
Calculate the highest common divisor of 2128307 and 59.
59
Calculate the greatest common divisor of 636 and 986648.
212
What is the greatest common factor of 216 and 18384?
24
Calculate the highest common divisor of 850860 and 45.
45
Calculate the highest common divisor of 36747 and 999.
27
Calculate the highest common divisor of 9039 and 15663.
69
What is the greatest common factor of 76 and 371678?
38
Calculate the highest common factor of 744 and 648.
24
Calculate the highest common divisor of 1098 and 432.
18
What is the highest common divisor of 82742 and 22?
22
Calculate the greatest common factor of 6100 and 1001620.
1220
What is the greatest common divisor of 24 and 271608?
24
What is the highest common divisor of 4994 and 176?
22
What is the highest common divisor of 153 and 17323?
17
What is the greatest common divisor of 2445958 and 46?
46
What is the highest common divisor of 48 and 937476?
12
Calculate the greatest common divisor of 112 and 155840.
16
What is the greatest common factor of 543 and 21539?
181
Calculate the highest common divisor of 8733 and 205.
41
Calculate the greatest common divisor of 1204 and 623930.
86
Calculate the highest common divisor of 9089 and 8791.
149
What is the greatest common factor of 174 and 4178726?
58
Calculate the highest common factor of 74 and 53539.
37
Calculate the highest common factor of 25704 and 1624.
56
Calculate the highest common divisor of 551230 and 4432.
554
Calculate the highest common factor of 18 and 4627620.
18
Calculate the highest common divisor of 484324 and 16.
4
What is the greatest common factor of 2503413 and 11?
11
What is the greatest common divisor of 802880 and 128?
64
What is the greatest common divisor of 29 and 59?
1
Calculate the greatest common factor of 20597 and 344.
43
What is the highest common divisor of 110335 and 5?
5
Calculate the greatest common factor of 56430 and 495.
495
What is the highest common factor of 69342 and 624?
78
Calculate the greatest common divisor of 637 and 5369.
91
What is the highest common factor of 3213 and 2023?
119
Calculate the highest common divisor of 23 and 217327.
23
Calculate the greatest common divisor of 20114 and 25990.
226
What is the highest common factor of 649404 and 8316?
756
What is the highest common divisor of 1765 and 1465?
5
What is the greatest common factor of 3915 and 2730060?
1305
Calculate the greatest common factor of 31544 and 72.
8
What is the highest common factor of 4828 and 3400?
68
Calculate the greatest common factor of 2205962 and 44.
22
Calculate the greatest common factor of 35108 and 4716.
524
What is the greatest common factor of 80 and 6128?
16
Calculate the highest common factor of 1107 and 83107.
41
What is the highest common divisor of 1225 and 2345?
35
What is the greatest common factor of 160 and 268700?
20
Calculate the greatest common divisor of 380811 and 69.
69
Calculate the greatest common divisor of 8052 and 1952.
244
Calculate the highest common divisor of 5486 and 1352.
26
Calculate the highest common divisor of 58529 and 1391.
107
Calculate the greatest common factor of 54486 and 702.
54
Calculate the highest common divisor of 381087 and 161.
161
Calculate the greatest common divisor of 95372 and 5908.
844
What is the highest common factor of 46230 and 7935?
345
What is the greatest common divisor of 88664 and 8?
8
What is the highe